+ 13*c - 45. Let d be u(5). What is the highest common divisor of d and o?
15
Let m(q) = q**3 - 11*q**2 - 24*q - 175. Let y be m(14). What is the highest common factor of 63 and y?
7
Let x = -81 - -25. Let s = -66 - x. Let y be -1 - (1 - 2) - 2550/s. Calculate the highest common divisor of y and 102.
51
Let x = -2349 + 3603. What is the greatest common divisor of x and 66?
66
Suppose 833*w + 5 = 838*w. Let v be w/((-49)/(-126))*42. What is the greatest common factor of 243 and v?
27
Suppose 44*a + 55 = 49*a - 5*b, -5*a + 75 = -b. Calculate the greatest common factor of 904 and a.
8
Suppose 2*z + 0*j = 4*j - 342, 3*j + 549 = -3*z. Let c = 481 + z. Let h = c + -159. Calculate the greatest common divisor of h and 13.
13
Let h(t) = -115*t**3 - 5*t**2 - 16*t - 5. Let n be h(-2). What is the greatest common divisor of 18 and n?
9
Let g = -6 - -10. Let j = 332 - 264. Calculate the greatest common factor of g and j.
4
Let l = 19645 - 19558. Calculate the greatest common factor of l and 8236.
29
Let r = -8 + 20. Suppose -11*d + 3580 = 9*d. Suppose -k + 245 = 4*s - 6*k, -k = 3*s - d. Calculate the highest common factor of r and s.
12
Let m(i) = 100*i - 540. Let j be m(8). What is the greatest common divisor of j and 715?
65
Suppose 11*j + 761 = 2*l, 12*l - 4*j = 17*l - 1745. Calculate the greatest common factor of l and 32123.
353
Suppose 275 = 6*z - 67. What is the greatest common factor of z and 1045?
19
Let w = 1368 - 1253. What is the greatest common factor of w and 368?
23
Suppose 0 = -47*v + 46*v + 4*n + 218, -1178 = -5*v - 2*n. What is the highest common divisor of v and 378?
18
Let b = 977 - -423. Suppose -7*w - w = -b. Calculate the greatest common factor of w and 75.
25
Suppose -h - h = f - 8, 3*f - 3*h = -12. Suppose f = 13*v + 9*v - 1672. What is the greatest common factor of v and 323?
19
Let i(q) = -q**3 + 36*q**2 + 232*q - 12. Let w be i(-6). What is the greatest common divisor of 768 and w?
12
Let k(x) = 15*x - 37*x**2 - 68 + 38*x**2 + 36 - 46. Let h be k(5). What is the greatest common divisor of h and 121?
11
Let x be (-22070)/(-90) - (-8)/(-36). Let f = -55 - -104. What is the greatest common factor of x and f?
49
Let l = -363 - -439. Suppose -75*j = -l*j + 24. Let o(z) = 4*z. Let x be o(6). Calculate the highest common divisor of x and j.
24
Suppose -3*p = -2*p - 45. Suppose 122*t = -41*t + 296 + 519. Suppose 55 = t*g - p. Calculate the highest common factor of 180 and g.
20
Suppose 0 = -2*r + 39 + 71. Suppose -6*u + 5*u + r = 0. Suppose 3*i = -4*l + 33, 0 = -7*i + 4*i - 2*l + 33. What is the greatest common divisor of u and i?
11
Let x(s) be the second derivative of -s**4/12 - 2*s**3/3 + s**2 + 5*s. Let v be x(-4). Suppose -12*i + 15*i = 24. What is the highest common divisor of i and v?
2
Let z(w) = 5*w - 516. Let h(t) = 3*t - 260. Let o(s) = -13*h(s) + 6*z(s). Let u be o(30). What is the greatest common factor of 266 and u?
14
Let h = -1376 + 2461. What is the greatest common divisor of 140 and h?
35
Suppose -2*t - 4*j - 8 = 6, 0 = 3*t - j + 21. Let w be (-10)/(-30) - 136/(-6). Let i be w + (t - (-1)/1)/(-2). What is the highest common divisor of 208 and i?
26
Let q = 217 - 202. Let t be (-2)/(-5) - (-174)/15. Let l = t - -138. What is the greatest common factor of q and l?
15
Let m(s) = -2*s**3 - 19*s**2 - 14*s - 15. Let p be m(-9). Calculate the highest common factor of 1545 and p.
15
Suppose 0*f + 96 = 3*f + f. What is the highest common factor of 3228 and f?
12
Let l(m) = 27*m**2 - 37*m - 281. Let j be l(-8). Calculate the highest common factor of 105 and j.
21
Let q be -94 - 1*(-7 - -3). Let t be (-112)/616 - q/11. Let k be ((-32)/(-6))/(2/69). What is the greatest common divisor of k and t?
8
Let t be 3 + 24 + 5 + -2. Let z be 2*25/10 - 1. What is the greatest common factor of z and t?
2
Let h = -25 + 32. Let w be (-1)/h + (-11208)/(-56). What is the greatest common divisor of 25 and w?
25
Let d be 21/7*55/15. Let g be 0/(3/(-6)*(0 - 6)). Suppose -308 = -2*r - g*r. Calculate the highest common factor of d and r.
11
Let o = -84 + 135. Suppose 200 = 20*i - 260. Let l be (-19)/19 + i + -5. What is the highest common factor of l and o?
17
Let g be (2/(-4))/(-4 + 1438/360). Suppose 0 = 2*d + g - 138. What is the highest common factor of d and 300?
12
Let p = -15523 - -15563. What is the highest common divisor of 35 and p?
5
Let i be (147/6)/((-51)/(-612)). Calculate the highest common factor of 78 and i.
6
Suppose 5*s - 288 = 3*f, -226 - 70 = -5*s + f. Suppose 4*j - s = -12. Calculate the highest common factor of 300 and j.
12
Let s be 1/((-15)/(-264))*25*(11 - 10). What is the greatest common factor of 1166 and s?
22
Suppose -32*h + 5*i = -26*h - 138072, 2*i + 92048 = 4*h. Calculate the greatest common factor of 44 and h.
44
Suppose 2*m - 961 = -29*m. Suppose -4*b = 2*o - 74, -2*o + o - m = -2*b. Calculate the greatest common divisor of b and 136.
17
Let f(y) = -45*y - 253. Let v be f(-9). Calculate the greatest common divisor of 1083 and v.
19
Let v(o) = o**3 - o**2 - 4*o + 5. Let x be v(0). Let z be ((-52)/16)/(x/(-220)). Calculate the highest common divisor of z and 13.
13
Let k be (8/3 - 2) + (-8451)/(-81). Let q = 107 - k. What is the highest common factor of q and 16?
2
Let j be (22/(-6))/(-1)*(-107 - -146). Calculate the greatest common divisor of j and 65.
13
Suppose 5*n = 3*i + 12, 3*n + i + 3*i = 13. Suppose 4*h = 2*a - 144, -n*h + 0*h + 3 = 0. Let l = a + -20. Calculate the highest common factor of 36 and l.
18
Let k = 12483 - 10771. What is the greatest common divisor of k and 48?
16
Let q be 4 + -1 + (3 - 2). Let s(y) = 2*y - 26. Let r be s(q). Let o(u) = u + 26. Let g be o(r). What is the greatest common factor of g and 40?
8
Suppose 2*f = 2*d + 10498, 3*d - 10503 = 11*f - 13*f. Calculate the greatest common divisor of 42 and f.
42
Let v(j) = 11 - 14*j + 4*j - 1. Let x be v(-7). Suppose -1328 - 9192 = -16*g - 510*g. What is the greatest common factor of g and x?
20
Let d(l) = 34*l**2 - 7*l - 14. Let b(g) = 23*g**2 - 4*g - 9. Let r(x) = 8*b(x) - 5*d(x). Let z be r(-4). What is the highest common divisor of 168 and z?
42
Suppose -5*r - 356 = -3*n, r + 49 = n - 67. Let q = n - -318. Calculate the highest common divisor of 10 and q.
10
Let d(h) = -h + 145. Let f be d(-8). What is the highest common factor of 391 and f?
17
Suppose 0 = 3*x - 3*p + 279, -3*x - 96 = 4*p + 197. Let f = 101 + x. What is the greatest common divisor of f and 12?
6
Suppose 9*b = -4*h + 8*b + 191, -181 = -5*h + 4*b. Let z be (-1 + 0 - -300) + 1. Calculate the highest common divisor of z and h.
15
Let t = 7579 + -2063. Calculate the greatest common divisor of t and 56.
28
Let w be 18*(2 + -4)*(-22)/6. Let q = w + 66. Calculate the highest common factor of q and 22.
22
Suppose -489520 = 64*m - 144*m. What is the greatest common divisor of m and 422?
211
Suppose 3*z - 1064 = 5*j, -4*z + 364 = -3*z - 4*j. Let w = z + -323. Calculate the greatest common divisor of w and 1.
1
Suppose -60*c + 79733 = -878467. Calculate the greatest common factor of 10 and c.
10
Let c be 6744/48 + (-1)/2. What is the greatest common divisor of c and 880?
20
Suppose 26*t - 2*l + 342 = 30*t, 0 = 2*t + 4*l - 168. Calculate the highest common divisor of 18748 and t.
86
Let u = 118 - 84. Suppose 0 = 7*i - 1751 - 926 + 773. Calculate the highest common divisor of u and i.
34
Suppose -31*g = -19*g - 15*g + 4698. Calculate the highest common factor of 87 and g.
87
Suppose 89*a - 27315 = -6667. Calculate the highest common factor of a and 152.
8
Let f = 1401 - 1365. What is the highest common factor of 2313 and f?
9
Let o = 18 - 14. Suppose 17*j - 150 = 2*j. Suppose -4*v + j = v. What is the highest common divisor of v and o?
2
Let p = -1310 + 1448. Calculate the greatest common factor of p and 345.
69
Let r(z) = 287*z**2 + 36*z - 35. Let n be r(1). What is the highest common divisor of 224 and n?
32
Suppose -k = -830 + 808. Suppose x - 294 = -8. What is the greatest common divisor of x and k?
22
Let p(s) = s**2 + 286*s - 2036. Let o be p(7). What is the greatest common divisor of o and 951?
3
Let j = 19630 - 19455. Calculate the highest common factor of j and 3750.
25
Suppose 19*i - 25908 = -8675. Suppose 36*l + 331 = i. Calculate the highest common divisor of 168 and l.
8